at are the prime factors of y?
79
Let f(c) = c**3 + 4*c**2 - 5*c + 12. Let z be f(-7). Let j = -22 - z. List the prime factors of j.
2, 3, 13
Suppose 6*k - 4*u + 103 = 2427, 2*u - 390 = -k. What are the prime factors of k?
2, 97
Suppose -2*h = -j - 317, 0*h - 5*h - 3*j = -776. Let t = -95 + h. List the prime factors of t.
2, 31
Suppose 5285 = 6*q + 41. List the prime factors of q.
2, 19, 23
Suppose -3*v = -2*s - v + 6, -s + 4*v + 3 = 0. Suppose -5*q + 722 = 3*j, -5*j - 2*q + 1200 = s*q. Let k = j + -165. List the prime factors of k.
2, 37
Let y = -2313 - -3527. What are the prime factors of y?
2, 607
Suppose 2*n + 4*y - 16 = 3*n, 0 = 2*n - 5*y + 20. Suppose n = -5*w + 5*b + 910, -5*w - 5*b + 212 = -4*w. What are the prime factors of w?
11, 17
Let o(b) = -11*b**2 - 2*b. Let m(t) = t**2 - 1. Let u(d) = -4*m(d) - o(d). List the prime factors of u(-3).
61
Suppose -8*n + 18 = -1750. List the prime factors of n.
13, 17
Let w(m) = 44*m + 256. List the prime factors of w(12).
2, 7
Suppose -8*s + 8067 = -12765. List the prime factors of s.
2, 3, 7, 31
Let c(l) = l**2 - 7*l - 5. Let f be c(7). Let d(z) = 2*z**2 + 4*z. Let a be d(f). Suppose 3 = t - 4*b + 6, -b = 3*t - a. What are the prime factors of t?
3
Let r(g) = -g**2 - 4*g - 6. Let b be r(-7). Suppose 18 = -3*c - 5*p, 4*c + 3*p + 14 = -10. Let l = c - b. What are the prime factors of l?
3, 7
Let o = 28 - 23. Suppose 0 = 3*l - q - o, 2*q + 2 - 16 = -2*l. Suppose -l*r + 81 = -0*r. List the prime factors of r.
3
Let k = -82 - -116. Let h be 9/4 + (-2)/8. Suppose -5*t + k - h = 2*b, t + b = 7. What are the prime factors of t?
2, 3
Let u = -151 - -392. Let s = -83 + u. What are the prime factors of s?
2, 79
Let o = 102 + 55. Suppose 3*z = -2*b + 128, 33 = -2*b - z + o. List the prime factors of b.
61
List the prime factors of (6/(-4))/(-3)*298.
149
What are the prime factors of (-5)/(-7) + -1 - 216440/(-196)?
2, 3, 23
Suppose -15*n + 2*n + 8931 = 0. List the prime factors of n.
3, 229
Suppose 5*y = 24 + 41. Suppose -y*l - 1714 = -4678. What are the prime factors of l?
2, 3, 19
Suppose m - 6*h = -h + 259, 0 = -2*m + 2*h + 550. What are the prime factors of m?
3, 31
Suppose -7*b - 32 = -4. Let i(w) = 10*w**2 + 2*w - 2. What are the prime factors of i(b)?
2, 3, 5
Suppose 4*q = 2*h - 252, 9*h + 5*q = 12*h - 377. What are the prime factors of h?
2, 31
Let d(l) = l**3 + 13*l**2 + 8*l + 13. Let v be (-300)/(-48) - 2/8. Let n(b) = -b**3 + 5*b**2 + 3*b + 6. Let u be n(v). What are the prime factors of d(u)?
61
Let z = 6 + -4. Suppose -z*y = -y - 4. What are the prime factors of 123*(26/6 - y)?
41
Let b = 180 + 102. List the prime factors of b.
2, 3, 47
Suppose 0 = -4*h - 3*x + 1926, -7*h - 2*x + 1444 = -4*h. List the prime factors of h.
2, 3, 5
Let q(u) = u**2 + 7*u - 2. Let v be q(-8). What are the prime factors of (1 - v)*984/(-60)?
2, 41
Let o = -421 + 447. List the prime factors of o.
2, 13
Let r(g) be the third derivative of 3*g**5/20 + g**4/24 - 2*g**2. Let n be r(1). Suppose -3*c + 25 = -4*x, -12 = -3*c + x + n. List the prime factors of c.
7
List the prime factors of ((-8)/6)/(10/(-3000)).
2, 5
Suppose -4*t + 2*v = -0*v + 360, -t + 2*v - 96 = 0. Let z = t + 139. What are the prime factors of z?
3, 17
Let c be (2 - 5)/((-15)/10). Suppose 0 = -5*x + 5*a - 0*a + 15, 4*x - c*a - 8 = 0. Let q(b) = 47*b. List the prime factors of q(x).
47
Let f be (-1)/((-10)/(-6) - 2). Let n be 3 + (f - 53) - 3. Let r = -24 - n. What are the prime factors of r?
2, 13
Let l = 13 + -11. Suppose 2*i = 5*u - 29, -u + 35 = -l*i + 2*u. List the prime factors of -11 + 12 - 1*i.
23
List the prime factors of 1364 + 12*(-36)/(-48).
1373
Suppose -4*k + 4*t + 660 + 508 = 0, 2*k - 3*t - 584 = 0. What are the prime factors of k?
2, 73
Let b = 245 - 129. Suppose 0 = -4*o - b + 392. List the prime factors of o.
3, 23
Let n(r) = -r**3 + 5*r**2 - 5*r + 4. Let l be n(4). Suppose l*q - 2*q = 0. Suppose 3*o + 6*p - 4*p = 55, 4*o - 4*p - 60 = q. What are the prime factors of o?
17
Suppose 5*n + 2*o - 5*o = 24, 2*n - 2*o - 12 = 0. Suppose n = y - 0*y. Suppose 10 = 5*h, -5*h = -y*w - 5 + 82. What are the prime factors of w?
29
Suppose 3*n - 20 = -2*n. Suppose 2*q + 128 = 2*k, n*q + 0*k = -4*k - 232. Let g = 85 + q. What are the prime factors of g?
2, 3
Suppose 0 = o + 4*o + 3*s - 40, -2*o - 2*s = -20. Suppose -o*n + 5*l = -160, 36 = 5*l + 16. List the prime factors of n.
2, 3
Let x = 49 + -77. Let o be (3/(-2))/((-21)/x). List the prime factors of (-8)/16 + (-63)/o.
31
Suppose -4*n + 173 = -311. Let m = -55 - 29. Let y = m + n. List the prime factors of y.
37
Let b(w) = 2*w**2 + 3*w. Let z be b(-2). Suppose 0 = -3*p + z*p. Suppose -5*u - 4*t = -195, p*u + 4*t = 2*u - 50. List the prime factors of u.
5, 7
Suppose 2*y = -2*z - 18 - 22, 0 = -z + 5*y - 14. Let q = -34 + 15. What are the prime factors of (-857)/z + 2/q?
3, 5
Let f(l) = l**3 + 16*l**2 - 8*l + 13. Let c be f(-7). Suppose -4*y = 2*s - 516, 0*y = -2*s + 2*y + c. What are the prime factors of s?
2
Suppose -5*x = -5*j - 310, -3*x - 1 = -7. What are the prime factors of 2272/10 + 12/j?
227
Suppose -2*r - 3*i + 0*i = -2763, 3*i = 9. What are the prime factors of r?
3, 17
Let n be (-3)/((-236)/248 + 1). Let y = -59 - n. What are the prime factors of y?
3
Suppose -2*w + 4 = 2*c - 6*w, -2*w = -4. What are the prime factors of (-1)/c - 3952/(-96)?
41
Let s(j) = -j - 9. Let p be s(6). What are the prime factors of 234/p*25/(-10)?
3, 13
Suppose 20*r - 29*r + 7542 = 0. List the prime factors of r.
2, 419
Let c(u) = 1 + u - 2 + u + 3. Let r be c(0). Suppose r*g - 114 = -g. List the prime factors of g.
2, 19
Suppose -u - 10 = -4*j, 0 = 3*u - 0*j - 3*j + 39. Let y be (u + 2)/(10/(-55)). Let z = -10 + y. What are the prime factors of z?
2, 7
Suppose r = -12 + 26. Suppose 0 = 3*d - 5*k + r, -3*d - 2*k + 18 = k. What are the prime factors of (195/12)/(d/8)?
5, 13
Let z = -1035 + 1814. What are the prime factors of z?
19, 41
Let w be 20*(25/20 + -1). Suppose 0 = -w*u + 8*u - 99. List the prime factors of u.
3, 11
Suppose 2*g + 0 = -10. Let o be 4/(-6) - 46/3. Let j = g - o. What are the prime factors of j?
11
Let j be (36/54)/((-2)/(-9)). Let q(z) = z**2 + 4*z - 6. Let y(i) = i - 1. Let a(k) = 2*q(k) - 10*y(k). List the prime factors of a(j).
2, 5
Let s be 0*(4/6)/2. Suppose 28*n - 45 = 23*n. Suppose 5*c - n*c + 76 = s. List the prime factors of c.
19
Let k be (-42 + -4)*(-7 + -3). Suppose 0*q + 460 = 5*m + q, 3*q = 5*m - k. What are the prime factors of m?
2, 23
Let o(j) = 19*j**2 + 4*j - 3. Let h be o(1). Suppose -6*m = -h - 130. List the prime factors of m.
5
Let r(l) = l - 1. Let t be r(-1). Let g be ((-5)/(-2))/((-1)/t). What are the prime factors of (2 + 0 - g) + 34?
31
Suppose 6 + 0 = x - z, 2*z = -4. Suppose -x*o = -o - 9. Suppose -56 = -v - o*v. What are the prime factors of v?
2, 7
Suppose -n - 4529 = -8*f + 6*f, -4*f = -n - 9055. What are the prime factors of f?
31, 73
Suppose 0 = 2*j - 6*j + 8, 0 = -4*p - j + 2886. List the prime factors of p.
7, 103
Let z = 170 + 312. What are the prime factors of z?
2, 241
Let b = 5 - 30. Let c = b + 122. List the prime factors of c.
97
Let y be (-3)/6 - 13/(-2). Let l(f) = f**3 - 4*f**2 - 7*f + 8. List the prime factors of l(y).
2, 19
Let z(d) = d**3 - 4*d**2 - 3*d - 10. Let w be z(7). Let i = w + -47. What are the prime factors of i?
3, 23
Let w(n) = -9*n - 13. Let s be w(-2). Suppose 1478 - 223 = s*b. List the prime factors of b.
251
Let n be (-4)/(-22) + 2*(-10)/(-11). Let w = n + 139. List the prime factors of w.
3, 47
Suppose -w - j + 844 = 0, 3*j = 4*w - 2*j - 3331. What are the prime factors of w?
839
Suppose n + 5*i - 5 = 0, -2*i = 2*n - 0*i + 6. Let l(t) = -2*t**3 - 6*t**2 - t - 6. List the prime factors of l(n).
3, 11
Let v(z) = -z**3 + 12*z**2 - 11*z - 1. Let g be v(11). Let s = -19 - g. What are the prime factors of (-608)/s + (-8)/(-36)?
2, 17
Let u(i) = i**2 - 14*i + 12. Let p be u(13). Let h = p + 6. Suppose 0 = -h*j + 15, -3*r + 3 = -j - 0. List the prime factors of r.
2
Let q(z) = -3*z + 4. Let g be q(2). List the prime factors of 3 + (-2 - g) + 16.
19
Let x = -2784 + 4271. List the prime factors of x.
1487
Let w = -7 - -7. Let q(r) = r**2 - 3*r + 15. List the prime factors of q(w).
3, 5
Let l be (-6)/((-6)/(-3*4)). What are the prime fact